What is g(23)?
-40
Let o(u) = -68*u - 307. Determine o(-5).
33
Let p(r) = 105*r + 567. Determine p(-6).
-63
Let k(f) = f**3 + 8*f**2 - 34. Determine k(-4).
30
Let n(l) = -9*l**2 + 24*l - 92. Determine n(4).
-140
Let t(k) = 2*k**3 - 12*k**2 + 14*k + 2. Determine t(5).
22
Let j(i) = 37*i**2 + 3233*i + 1220. Determine j(-87).
2
Let o(i) = -12*i**2 - 20*i + 58. Determine o(5).
-342
Let v(z) = -4*z**2 - 138*z + 37. Determine v(-15).
1207
Let l(v) = -4*v - 112. Determine l(-36).
32
Let b(z) = -14*z**2 + 36*z - 12. Determine b(3).
-30
Let r(n) = -n**3 - 22*n**2 + 363*n - 12. Determine r(-33).
-12
Let n(p) = p**2 + 95*p - 1255. What is n(-105)?
-205
Let b(r) = -r**3 + 8*r**2 - 19*r - 2. Determine b(6).
-44
Let u(t) = 1101*t + 75964. Calculate u(-69).
-5
Let w(i) = 20*i - 52. What is w(3)?
8
Let m(d) = -216*d + 1734. What is m(8)?
6
Let f(y) = y**3 - 23*y**2 + 2*y + 450. Determine f(22).
10
Let z(h) = h**2 - 84*h - 1592. Determine z(-16).
8
Let o(p) = -p**3 - 24*p**2 - 86*p - 22. Give o(-4).
2
Let r(v) = 31*v + 126. Determine r(-20).
-494
Let j(y) = 2*y**3 + 32*y**2 - 37*y + 20. Give j(-17).
71
Let p(l) = -7*l - 180. Calculate p(-21).
-33
Let i(z) = 4*z + 117. Give i(-30).
-3
Let n(x) = 463*x - 2793. Give n(6).
-15
Let o(b) = 169*b - 7102. Give o(42).
-4
Let v(c) = -c**3 + 13*c**2 - 32*c - 40. What is v(9)?
-4
Let u(j) = -j**3 + 29*j**2 - 14*j - 101. Determine u(28).
291
Let y(c) = 5*c**3 + 19*c**2 + 127*c + 338. Calculate y(-3).
-7
Let w(c) = 872*c - 71504. Give w(82).
0
Let y(s) = -31*s - 2927. What is y(-94)?
-13
Let a(l) = l**2 - 421*l - 5629. Determine a(-13).
13
Let r(u) = -9*u**2 - 239*u - 39. Calculate r(-27).
-147
Let f(z) = z**3 + 2*z**2 - 7*z + 92. Calculate f(-5).
52
Let g(v) = -303*v - 1263. Give g(-4).
-51
Let w(g) = g**3 + 6*g**2 + 106*g + 312. Give w(-3).
21
Let v(c) = 3*c**3 + 3*c**2 - 37*c - 1. Calculate v(-4).
3
Let t(k) = -15*k - 173. Calculate t(19).
-458
Let u(y) = 3*y**2 - 16*y. Calculate u(11).
187
Let f(j) = 2*j**2 - 71*j + 545. Give f(24).
-7
Let a(j) = -j**2 - 35*j - 259. What is a(-25)?
-9
Let v(a) = -3*a**2 - 29*a + 18. What is v(-4)?
86
Let i(n) = -362*n - 5117. Determine i(-14).
-49
Let i(a) = -a**3 - 19*a**2 + 47*a + 110. Calculate i(-21).
5
Let y(z) = 37*z + 3914. Calculate y(-105).
29
Let n(f) = -445*f + 17798. Determine n(40).
-2
Let j(z) = -16*z**2 + 761*z - 4542. Give j(7).
1
Let h(w) = 5*w**2 + 14*w - 7838. Calculate h(-41).
-7
Let m(q) = q**3 - 11*q**2 - 11*q + 21. Determine m(11).
-100
Let j(r) = -29*r - 1928. Determine j(-68).
44
Let v(r) = -r**3 - 20*r**2 + 32*r - 24. Give v(-22).
240
Let c(m) = 27*m - 484. What is c(17)?
-25
Let a(g) = -169*g + 582. What is a(4)?
-94
Let q(g) = -163*g + 9450. Calculate q(58).
-4
Let h(o) = o**2 + 36*o + 202. Calculate h(-11).
-73
Let t(g) = g**3 - 14*g**2 - 6*g + 252. What is t(13)?
5
Let o(n) = n**3 + 111*n**2 + 73*n - 4089. What is o(-110)?
-19
Let q(d) = d**3 + 6*d**2 - 56*d - 223. Calculate q(-11).
-212
Let v(t) = 5*t**3 - 23*t**2 + 10*t - 4. Give v(4).
-12
Let k(p) = p**3 - 15*p**2 + 19*p - 39. Determine k(15).
246
Let p(j) = 5*j - 69. Calculate p(19).
26
Let a(f) = -2*f**2 - 96*f + 3656. Determine a(-73).
6
Let y(m) = -m**3 + 7*m**2 - m + 6. Give y(6).
36
Let f(k) = -k**3 - 19*k**2 + 115*k + 2405. Determine f(-18).
11
Let b(o) = o**3 + 24*o**2 + 164*o + 3933. Calculate b(-24).
-3
Let r(p) = 120*p + 5652. What is r(-47)?
12
Let g(p) = 82*p - 1448. Calculate g(18).
28
Let x(z) = z**2 - 35*z - 143. Determine x(34).
-177
Let k(z) = -4*z**3 + 23*z**2 + 7*z - 14. Determine k(6).
-8
Let q(y) = y**3 + 69*y**2 + 132*y - 132. Determine q(-67).
2
Let z(k) = -4076*k - 24469. Determine z(-6).
-13
Let t(v) = v**3 - 27*v**2 - 29*v + 1701. Calculate t(25).
-274
Let o(z) = -62*z + 332. Calculate o(4).
84
Let a(m) = -m - 4. What is a(24)?
-28
Let t(p) = 48*p + 181. What is t(-3)?
37
Let b(a) = -104*a - 235. Determine b(-2).
-27
Let y(r) = -129*r - 3. Calculate y(0).
-3
Let u(t) = -4*t**2 - 4. Give u(3).
-40
Let a(o) = -43*o**2 - 3580*o + 3579. What is a(1)?
-44
Let y(j) = 203*j**2 + 4*j - 5. Give y(-2).
799
Let t(l) = l**3 + 4*l**2 + 21*l + 5. What is t(-5)?
-125
Let y(h) = 295*h + 8561. Calculate y(-29).
6
Let n(w) = -2*w**3 + 61*w**2 + 22*w + 58. Determine n(31).
-221
Let d(v) = 139*v - 1225. Calculate d(9).
26
Let w(l) = 19*l**2 + 1693*l + 174. Calculate w(-89).
-4
Let i(a) = 4*a**3 + 3*a**2 - 3*a - 10. Determine i(-2).
-24
Let s(l) = -l**2 + 99*l - 1405. Calculate s(80).
115
Let v(q) = -151*q**2 - 11*q + 9. Calculate v(1).
-153
Let p(i) = i**3 + 10*i**2 - 52*i - 301. Give p(-5).
84
Let o(p) = 3*p**2 - 415*p + 825. Calculate o(2).
7
Let s(l) = l**2 + 12*l - 586. Determine s(19).
3
Let l(n) = -15*n**2 - 24*n - 6. Determine l(-5).
-261
Let r(z) = 2674*z - 45459. Calculate r(17).
-1
Let m(z) = 2*z**3 - 40*z**2 + 25*z + 104. Determine m(19).
-143
Let p(b) = b**3 + 111*b**2 - 103*b + 1020. Give p(-112).
12
Let m(k) = -12*k**3 - 17*k**2 + 9. Calculate m(-3).
180
Let l(q) = q**3 - 86*q**2 + 82*q + 329. Calculate l(85).
74
Let n(q) = -14*q**2 + 74*q - 25. Calculate n(4).
47
Let j(i) = -2*i**2 - 43*i - 53. What is j(-26)?
-287
Let s(l) = -2*l**2 - 30*l - 330. Determine s(-10).
-230
Let h(b) = -75*b + 31. Determine h(0).
31
Let g(x) = x**3 + 8*x**2 - 10*x + 19. Calculate g(-8).
99
Let w(g) = -g**2 + 24*g - 30. Give w(13).
113
Let k(n) = n**3 - 5*n**2 + 41*n - 284. What is k(6)?
-2
Let t(r) = -r**3 - 59*r**2 - 166*r + 136. Calculate t(-56).
24
Let x(b) = 9*b**2 + 42*b + 19. Calculate x(-4).
-5
Let t(a) = -7*a - 164. Determine t(7).
-213
Let a(x) = 664*x + 17927. Determine a(-27).
-1
Let m(p) = -p**3 - 24*p**2 - 3*p + 275. What is m(-24)?
347
Let j(b) = -22*b - 328. What is j(-16)?
24
Let j(u) = -u**3 + 16*u**2 + 64*u - 801. What is j(17)?
-2
Let m(g) = g**2 + 111*g + 647. What is m(-6)?
17
Let i(r) = 6*r**2 - 22*r + 2. Calculate i(4).
10
Let t(f) = -31*f**3 - 217*f**2 - f - 11. What is t(-7)?
-4
Let u(n) = -209*n + 7938. Calculate u(38).
-4
Let y(i) = -6*i**2 + 99*i - 1. What is y(19)?
-286
Let n(r) = -4*r + 66. Give n(15).
6
Let l(i) = i**3 + 38*i**2 + 302*i - 26. Calculate l(-28).
-642
Let i(d) = -7*d - 209. Determine i(-14).
-111
Let d(a) = a**2 - 87*a - 2280. Calculate d(-21).
-12
Let g(o) = -o**3 + 230*o**2 + 1175*o + 11. What is g(235)?
11
Let y(g) = 464*g + 88. Calculate y(0).
88
Let y(b) = -b**3 + 12*b**2 + 39*b - 586. Determine y(10).
4
Let o(z) = -131*z + 7. Give o(-4).
531
Let x(d) = -d**2 - 33*d - 258. What is x(-19)?
8
Let o(k) = k + 244. Determine o(21).
265
Let j(n) = -3*n**2 + 19*n + 384. What is j(-11)?
-188
Let y(q) = -10*q**3 + 47*q**2 - 27*q - 6. Determine y(4).
-2
Let o(y) = 193*y + 1357. Determine o(-7).
6
Let y(b) = 2*b**2 - 36*b - 366. Calculate y(25).
-16
Let a(b) = 25*b - 506. What is a(20)?
-6
Let s(v) = 17*v + 112. Calculate s(-7).
-7
Let k(r) = r**2 - 2218*r - 33533. Calculate k(-15).
-38
Let i(n) = 761*n - 12180. Give i(16).
-4
Let c(u) = 113*u**2 - 110*u - 9. Calculate c(1).
-6
Let r(h) = -1160*h - 15054. Calculate r(-13).
26
Let a(n) = -16*n**2 + 20*n + 45. Give a(-2).
-59
Let x(y) = -55*y + 69. Determine x(-2).
179
Let f(o) = 4*o**2 + 15*o - 55. What is f(3)?
26
Let y(h) = 17*h - 892. Determine y(47).
-93
Let r(l) = l**3 - 59*l**2 - 61*l + 60. Determine r(60).
0
Let k(f) = f**3 - 3*f**2 - 65*f - 124. Calculate k(-5).
1
Let w(m) = m**3 - 4*m**2 + 4*m - 77. Give w(5).
-32
Let i(o) = -o**2 - 13*o - 16. Calculate i(-11).
6
Let w(b) = -4*b**2 + 57*b - 7. Calculate w(11).
136
Let g(q) = -3*q**3 + 21*q**2 - 16*q + 4. Calculate g(6).
16
Let r(q) = 80*q - 1287. What is r(16)?
-7
Let l(n) = -3*n**3 + 46*n - 6. Give l(-4).
2
Let b(w) = -3*w**3 - 6*w**2 + 40*w - 232. What is b(7)?
-1275
Let x(g) = -211*g + 7399. What is x(35)?
14
Let a(p) = -p**3 + 20*p**2 + p + 2. Determine a(20).
22
Let i(d) = -2*d**3 + 6*d**2 + 56*d + 7. What is i(-4)?
7
Let w(j) = -2*j**3 - 18*j**2 + 2*j + 160. Give w(-8).
16
Let g(n) = n**2 + 18*n - 126. Determine g(-21).
-63
Let d(h) = h**2 + 49*h - 216. Calculate d(-53).
-4
Let y(a) = -8*a**2 + 58*a - 19. Calculate y(7).
-5
Let y(q) = -q**3 - 11*q**2 - 8*q - 230. What is y(-12)?
10
Let a(j) = -j**3 - 9*j**2 - 131*j + 448. What is a(3)?
-53
Let w(n) = -4*n**2 + 35*n + 89. Calculate w(9).
80
Let a(i) = -120*i - 331. Calculate a(-4).
149
Let y(r) = -